and 5?
5
Let p = 269 + -182. What is the highest common divisor of 58 and p?
29
Suppose -3*w + 33 = -51. Suppose 3*l = -5*i + 39 + 46, 5*i - 3*l - 55 = 0. Calculate the highest common divisor of i and w.
14
Let g be 4 - (-1 + 96*-2). Suppose 5*p + g = 1297. What is the greatest common factor of 20 and p?
20
Let l(t) = 5*t**3 + 8*t**2 - 7*t - 15. Let z(o) = o**3 - o - 1. Let d(h) = l(h) - 4*z(h). Let r be d(-8). Calculate the greatest common factor of r and 143.
13
Suppose 0*i = 5*i - 10. Suppose 90 = i*o + 3*o. Calculate the highest common factor of 2 and o.
2
Suppose 3*o = o + 4. Suppose -5*d + 5*r = -115, 3*r - r = -o*d + 50. Calculate the highest common factor of 16 and d.
8
Let g = -252 - -495. What is the greatest common factor of 27 and g?
27
Let s(r) = -10*r - 3. Let k be s(-2). Calculate the highest common divisor of k and 17.
17
Suppose -1 = -3*z + y, 4*z - 5*y = -0*z - 17. What is the highest common divisor of 10 and z?
2
Let b be 1*(-2 - (-14)/(-2)). Let j be (-1632)/b - 6/(-9). Calculate the greatest common factor of 26 and j.
26
Suppose 2*i + 74 = 3*h, -5*h - i + 100 = -32. Calculate the greatest common divisor of h and 13.
13
Suppose -5*r + 23 = p - 1, 0 = -5*p + 5*r + 90. Let c be 5 + -1 + 225/15. Calculate the highest common divisor of p and c.
19
Let p = -457 - -835. Suppose -y = y - p. Calculate the highest common factor of 21 and y.
21
Suppose 3*m + 1 = 4*m. What is the greatest common divisor of m and 4?
1
Let r(t) = -t + 14. Let v be r(11). Suppose -4*u = 2*o - 4, -3*u - v = 4*o - 6*u. Suppose -4*a + 44 = -o*a. Calculate the greatest common factor of 55 and a.
11
Suppose -16 = -2*j + 4*b, -2*j + 4 = b - 2. Suppose j*q - 12 - 8 = 0. Let v(l) = l + 3. Let w be v(q). What is the highest common factor of w and 64?
8
Suppose 31 = 5*c - 39. Calculate the highest common factor of 56 and c.
14
Let a be 2/2 - 3 - (1 - 73). Calculate the greatest common factor of a and 10.
10
Let t = 113 - 100. Calculate the highest common divisor of t and 91.
13
Let r(n) = -3*n - 2. Let h = 0 - -4. Suppose -2*l = -l + h. Let p be r(l). What is the highest common factor of 110 and p?
10
Let g(m) be the first derivative of m**3/3 - m**2/2 - 3*m - 4. Let l be g(4). Calculate the highest common factor of 81 and l.
9
Suppose -15 = 2*x - 223. Let s(w) = w**3 - 11*w**2 + 5. Let o be s(11). Suppose -8 = -b + o. Calculate the highest common divisor of x and b.
13
Suppose -4*a - 17 = -149. Calculate the greatest common divisor of 297 and a.
33
Let f = -87 - -162. Calculate the highest common divisor of 30 and f.
15
Suppose 8*p = 7*p + 33. Let c = -9 + p. Calculate the greatest common factor of c and 12.
12
Let m(o) = -o**3 - 7*o**2 - 3*o - 2. Let z be m(-7). What is the greatest common factor of z and 38?
19
Let c = 37 - -38. Calculate the greatest common factor of c and 50.
25
Let h be 2 + (-3)/((-3)/(-1)). Suppose 17 = 2*v + h. What is the greatest common divisor of 12 and v?
4
Let m be -2*(0 - (0 + 1)). Suppose f = -g - 1 + 4, 5*f + 45 = 5*g. Calculate the greatest common divisor of m and g.
2
Let o(u) = u**2 - 4*u - 7. Let p be o(6). Suppose 3*z + p*q - 21 = -0*z, 21 = 3*z - q. Calculate the highest common divisor of z and 63.
7
Let u be (-14)/(-77) + 163/11. Calculate the greatest common factor of u and 75.
15
Suppose -4*x = -0*x + 24. Let o(a) = a**2 + a + 2. Let r be o(x). Suppose -y + 4*s + r = 2*y, 2*s + 58 = 5*y. What is the greatest common divisor of y and 132?
12
Let f(j) = -2*j**3 + 6*j**2 - 4. Let t be f(-4). Suppose v - 55 = 4*c, 7*v - t = 3*v + c. Suppose 2*d - 8 = 36. What is the greatest common factor of d and v?
11
Let g = 121 + -73. Let z be 13 + 2 + (4 - 3). Calculate the greatest common divisor of g and z.
16
Let v = 80 + -22. Let n = v - -41. What is the greatest common factor of n and 11?
11
Let b(q) = -3*q - 10. Let r = -8 + 1. Let p be b(r). What is the greatest common factor of p and 55?
11
Let o be -2*1 - (0 - 0). Let w be -76*1/1*o. Let c = 37 - 18. What is the greatest common divisor of w and c?
19
Suppose -3*a = -12 - 12. Suppose -3*o - o + 52 = 0. Let l = a + o. Calculate the highest common factor of l and 7.
7
Let b be 1/4 - (-162)/(-8). Let u = b + 33. What is the greatest common factor of 104 and u?
13
Let j be (-78)/(-18) - (-1)/(-3). Let s be (-2)/(-4) + (-5)/(-2). Let z = -2 + s. What is the greatest common divisor of j and z?
1
Suppose 6*r = 2*r + 68. Let q be (1 + 2)/((-6)/(-4)). Suppose -k = -r + q. What is the greatest common factor of k and 45?
15
Let r(t) = t**2 - 6*t + 11. Let v be r(4). Let d = -3 - -7. Let j be ((-36)/2)/(d/(-6)). What is the greatest common factor of v and j?
3
Suppose 3*z = -0*i - 2*i + 44, 0 = -3*z + 5*i + 79. Suppose -81 = -p + 3*v, -4*v = -p - 3*p + 348. Calculate the highest common factor of p and z.
18
Let o be ((-279)/(-6))/((-30)/(-100)). What is the highest common factor of 31 and o?
31
Suppose 100 = 4*v - 4*i, i + 3*i - 170 = -5*v. Let b = 69 - 49. What is the greatest common divisor of v and b?
10
Let o be 12/(2*(-3)/(-6)). Let u be 28/3 + (-2)/(-3). Let p(g) = g**2 - 4. Let f be p(u). What is the greatest common divisor of o and f?
12
Suppose -2 - 10 = -2*o. Suppose -9 = 5*g + o, 107 = d + g. What is the highest common divisor of 44 and d?
22
Suppose 2*l - 239 = 2*q + 3*q, 2*l = q + 235. Let y = 222 - l. Calculate the greatest common factor of y and 15.
15
Suppose 8*g - 3294 = -1094. What is the greatest common divisor of 25 and g?
25
Let a be ((-4)/(-4) + 1)*(-1)/(-2). Calculate the highest common factor of a and 11.
1
Suppose 0 = -4*j - p + 32, 2*j + 3*p - p - 16 = 0. Let v = 36 + 4. What is the highest common factor of v and j?
8
Suppose -p = 2*p - 6. Suppose -5*f - 4*j = -0*f + 72, -4*f - p*j = 54. Let r be (56/(-16))/(2/f). What is the highest common factor of 7 and r?
7
Let l(m) = -m**2 + 5*m - 6. Let x be l(4). Let i = x + 6. What is the highest common divisor of i and 28?
4
Let x(n) = 4*n**2 + 3*n - 10. Let d be x(7). What is the highest common factor of d and 23?
23
Suppose -5*g = -n + 13, -17 = -5*n - 0*g + g. Suppose -5 - 13 = -3*l. Let t be (22*l)/n + 1. What is the highest common factor of 18 and t?
9
Let m be 1*10/(1 - 0). Suppose b = -2*b + 12. Calculate the highest common divisor of m and b.
2
Let q be (-97 + 1)*(-8)/12. Let m be (-2)/(-6) - (-46)/6. Calculate the highest common factor of m and q.
8
Suppose 0*i = 3*i - 144. Suppose -t - n + 15 = 0, 0 = -4*t - 3*n + 2*n + i. Calculate the highest common divisor of 44 and t.
11
Let w = 6 + -49. Let a = 88 + w. Let q be (9/2 + -5)/(2/(-120)). Calculate the greatest common factor of q and a.
15
Suppose -2*k + 98 = -2*t, 0*k = 3*k + 4*t - 119. Suppose -5*g - z = -0*z - 94, -4*g = -z - 68. What is the highest common factor of g and k?
9
Let v = -3 + 13. Calculate the highest common factor of v and 15.
5
Suppose -7*i + 30 = -12. Let w(y) = 3*y**2 + 4*y + 2. Let v be w(4). Calculate the highest common factor of v and i.
6
Suppose 5*g = -i + 2*i - 125, -2*g + 409 = 3*i. Calculate the greatest common factor of i and 54.
27
Let d = -184 + 229. What is the greatest common divisor of d and 60?
15
Suppose q - 60 = -3*q. Suppose -3*p + 18 = 2*p + 3*a, 4*a = 4. What is the highest common factor of p and q?
3
Suppose 3*s + 28 = w, -5*w - 4*s + 92 + 10 = 0. Let z = 5 + -3. What is the greatest common factor of z and w?
2
Suppose p = 106 - 2. Let n = p + -32. Let y = -12 + 21. What is the highest common divisor of n and y?
9
Suppose 25 = 4*t + 221. Let l = 84 + t. Calculate the greatest common factor of 7 and l.
7
Let d(z) = -2*z**2 + 11*z - 6. Let n be d(5). Let g be (n - -8 - 0) + 0. Let k(y) = y + 7. Let m be k(0). What is the highest common divisor of m and g?
7
Let d = -66 + 164. Calculate the greatest common factor of d and 14.
14
Let g(x) = -x**3 - 15*x**2 - 5*x - 9. Let v be g(-14). Let c = -60 - v. Calculate the greatest common divisor of 15 and c.
15
Suppose 0 = -4*x - 117 - 51. Let r = x + 77. Suppose 0 = -5*a + 3*f + 20, -f - 31 = -5*a - 1. Calculate the highest common divisor of r and a.
7
Suppose 5*x = 131 - 41. Suppose -x = -4*f + m, 2*m - 6*m = -4*f + 12. Suppose 4*v - f = 35. What is the greatest common factor of 110 and v?
10
Let a = 22 + -16. What is the highest common factor of a and 42?
6
Suppose 0 = -6*u + 3*